uppose a + 12248 = 9*g. Is g composite?
False
Let r(u) = -u**3 - 8*u**2 - 12*u. Let v be r(-6). Suppose -4*w + 39 + 1 = v. Suppose 0 = -3*n + 5*y + 10, -n = 2*y - 8 - w. Is n composite?
True
Let k = 24725 - 13820. Suppose 2*x - 8297 - k = 0. Is x prime?
True
Let w(l) = 2170*l**2 - 11*l + 8. Let x(f) = 2168*f**2 - 10*f + 7. Let s(b) = 4*w(b) - 3*x(b). Is s(3) composite?
False
Let n = -10804 + 21297. Suppose -54*y = -61*y + n. Is y a prime number?
True
Let k = 10480 + 86367. Is k composite?
False
Is (-5994730)/(-3 + -2) - (-12)/4 composite?
False
Suppose 0 = 5*k + h - 289350, 5*k = -8*h + 9*h + 289360. Is k prime?
False
Let o(a) = -120111*a - 898. Is o(-5) composite?
False
Is (5615844/(-12))/(-16 + 15) prime?
False
Let i = 115 - 90. Suppose -i*r + 28*r = 18. Is r*(-8)/(-288) + (-9401)/(-6) prime?
True
Let j(a) = 864*a**2 - 3*a - 2. Suppose 25*s + 2 = -2*z + 29*s, 5*s - 1 = z. Is j(z) composite?
True
Let t(k) = 43*k**2 - 11*k - 7. Let m be ((-1140)/(-75) + -14)/(3/(-20)). Is t(m) composite?
False
Let f(w) = w**2 - 49. Let o be f(5). Is o/(-30) - 16764/(-20) prime?
True
Suppose 220 = 4*m + 168. Let l = 15570 - 4040. Suppose -m*y - 467 = -l. Is y prime?
False
Suppose -5*b + 4*i = -182, -5*b - i - 2*i = -196. Suppose b*w - 274 = 36*w. Is (w - 0)*(1 + -3 - -9) a prime number?
False
Let d(w) = -9*w**2 + 21*w**2 - 12*w**2 - 17*w**2 + 16 - w**3 - 13*w. Let x(t) = t**3 + 16*t**2 + 12*t - 16. Let v(a) = 6*d(a) + 7*x(a). Is v(-7) prime?
True
Let n(x) = 602*x**2 - 6*x + 1359. Is n(25) a prime number?
True
Let g = -1 - -5. Suppose g*x = -20, 0*x + 2 = -2*m - 2*x. Suppose 4*k - 1780 = -4*f, 0 = k + m*f - 389 - 62. Is k prime?
True
Suppose -24 = -t + s, 5*s - 127 = -3*t - 23. Let f = -25 + t. Suppose -f*u = -1385 + 194. Is u a prime number?
True
Is 12/(-4) + 25/(500/5205320) prime?
True
Is 2/6*3060681/(10 - -3) composite?
False
Let f(l) = 5570*l + 119. Is f(6) prime?
False
Let w = -112170 + 177253. Is w composite?
True
Let w(p) = -121*p**2 - 31*p + 40. Let j(q) = 40*q**2 + 10*q - 13. Let o(b) = -17*j(b) - 6*w(b). Suppose -1102 + 162 = 94*i. Is o(i) a prime number?
True
Let k = 176479 - 115952. Is k prime?
True
Suppose 5*l + 250 = 205. Let b(c) = -57*c**2 - 3*c + 21. Let m(x) = -57*x**2 - 2*x + 22. Let a(i) = 4*b(i) - 5*m(i). Is a(l) a prime number?
False
Let h(m) = -3*m**3 + 7*m**2 - 6*m + 49073. Is h(0) composite?
True
Let g(f) = 971*f**3 - 98*f**2 + 524*f - 16. Is g(5) a prime number?
False
Suppose -502*g + 500*g + 2 = 0, -2*n + 5*g + 210869 = 0. Is n composite?
False
Suppose 0 = z + 3*s - 72010, -39*z + 5*s = -41*z + 144023. Is z a prime number?
True
Let p = -9760 - -23541. Is p a composite number?
False
Is 15134 - ((-1)/2)/(1/(-2)) prime?
False
Let h be (-3032)/12 + (-2)/6. Let d = -4187 - h. Is d/(-22) - (-6)/33 prime?
True
Let j(p) = 1524*p**2 - 99*p - 629. Is j(-6) a composite number?
False
Suppose -2832*b + 285354 = -2814*b. Is b composite?
True
Let p be (-308320)/60 - 2/(-3). Let x be (6/7)/((-2)/p). Is x/14 + (-6)/21 composite?
False
Let f = 4 - 5. Let u be f*(4 + -7) - -52. Let p = 67 + u. Is p prime?
False
Let w = 374 + -365. Suppose -291076 = -w*i + 372809. Is i a prime number?
False
Let r(s) = 17*s**2 + s + 20302. Is r(0) a composite number?
True
Let o be 8*(6 + 66/(-12)). Suppose 2*r + 3*x - 457 = 432, 3*r + o*x - 1333 = 0. Is r a composite number?
False
Suppose w + 4*l - 10 = 0, 3*l = 4*w + l - 22. Suppose -w*n + 9*n + 108 = 0. Let t = 449 - n. Is t prime?
False
Suppose -168 = 4*y - 4*i, -5*y - 230 = -0*y - i. Is 0 - y*(-485)/(-5) a composite number?
True
Let n(i) = -7*i**3 + i**2 + 9*i - 12175. Let a(j) = 6*j**3 - j**2 - 7*j + 12177. Let c(m) = 6*a(m) + 5*n(m). Is c(0) a composite number?
True
Let s(i) = i**3 + 7*i**2 + 11*i + 6. Let w be s(-4). Suppose w*n = 9 + 11. Is (0 + n)*(0 + (-298)/(-4)) prime?
True
Let b(c) = 5*c**2 - 15*c + 7. Let l(k) = -k + 3*k**2 + 4 - k - 9*k + 3*k. Let n(j) = -3*b(j) + 7*l(j). Is n(-8) a composite number?
False
Let l be 8/10*(1071 - 1). Let f be (-2)/(-3)*-15*(12/(-5) - -2). Suppose -324 = -f*s + l. Is s a prime number?
False
Suppose 30*i - 143072 = 14*i. Suppose -2*u + i = 3*n, 0*u = -u + 5*n + 4484. Is u a composite number?
True
Let g = -69296 - -46425. Let h = g + 35916. Is h prime?
False
Suppose l - 3*t = 613081, 3*l - 11*t + 10*t = 1839211. Is l prime?
False
Suppose -6*p + 3*d + 663721 = -p, -p - 2*d + 132765 = 0. Is p prime?
True
Let c be 254934/30 + 2/30*3. Suppose -2130 = -4*m + c. Is m a composite number?
False
Let p(x) be the third derivative of -1943*x**4/24 - 179*x**3/6 - 176*x**2. Is p(-12) prime?
False
Suppose 35*y = 3*f + 39*y - 4571455, -12 = -3*y. Is f a composite number?
False
Let g(m) = -m + 3. Let h be g(1). Is -1802*2/4*(-3 + h) composite?
True
Suppose 0*d - 25 = -5*d. Let y be -2*34 + (7 - d). Let v = 401 - y. Is v composite?
False
Suppose x - 19 = -5*g, -x + 4*x - 1 = -g. Suppose -2*z - 5*t + 3*t = -404, 2*z - g*t = 416. Let n = z + -142. Is n composite?
True
Suppose 2*t - 2*d - 44418 = 0, t - 92*d = -94*d + 22233. Is t a composite number?
True
Let v(n) = -104*n + 77. Suppose 3*s + 29 = 5*a, -2*a = -2*s - 4*a - 46. Is v(s) composite?
False
Let c = 3472 - -315. Let y = 5634 - c. Is y composite?
False
Suppose 13489 + 39992 = 5*r + 2*y, 3*r = -4*y + 32097. Suppose 0 = 14*t + t - r. Is t a composite number?
True
Suppose -4*d + 5*m + 10 = 0, d - 4 = -3*m + 7. Suppose 2*h + 14 = d*i, i - h = 2 + 2. Suppose 5*b + 10 = 3*b, g - i*b - 507 = 0. Is g a prime number?
False
Let v(k) = -k**2 - 4*k**2 + 16 - 2*k**2 - 11*k**3 + 11*k + 24. Is v(-9) a prime number?
True
Let g = -100 + 412. Suppose -i = -g - 378. Suppose -8*j = 5*v - 5*j - i, 0 = 4*v + 4*j - 544. Is v a prime number?
False
Let q = -18 - -20. Let s(d) = 82*d - 7. Let n be s(q). Let j = n + -78. Is j a composite number?
False
Let n(x) = x**2 - 45*x + 169. Let j be n(41). Suppose 2*u = -j*b + 312509, 3*u - 38 + 32 = 0. Is b prime?
True
Suppose 2*v = -2 - 4. Let l be 2 + v + (1 - -395). Let j = 302 + l. Is j prime?
False
Let q(w) = 45*w**3 - 19*w**2 + 77*w + 19. Is q(8) composite?
True
Let f(i) = 11*i**2 - 13 + 2*i**2 + 13*i**3 - 2*i**2 - 14*i**3 + i. Let s be f(11). Let t(p) = -56*p**3 - p - 1. Is t(s) a prime number?
True
Let p(y) = 9*y - 50. Let u be p(5). Let f be 25/u - (-4 - 4). Suppose -f*t = 6*h - h - 3251, 0 = t + 4*h - 1086. Is t a prime number?
False
Let f be ((-42)/4)/(45/11280). Let u = 775 - f. Is u composite?
False
Let g = -449722 - -705683. Is g a composite number?
False
Let n(v) = 10894*v + 531. Is n(17) a prime number?
False
Let a(o) = -o**3 + 18*o**2 + 23*o - 26. Let f be a(19). Let q = -31 + f. Let j(u) = -u**3 + 19*u**2 + 10*u + 21. Is j(q) a composite number?
False
Suppose 7 = p - 0*p. Let k(i) = -234*i**2 - 2. Let s be k(1). Is 1 - s/p - (-8)/28 prime?
False
Let h(z) = z**3 + 14*z**2 - 21*z - 14. Let y be h(-15). Let g = 91 - y. Let f(i) = 149*i - 16. Is f(g) a prime number?
False
Let l(g) = -44*g - 5. Let d(o) = -87*o - 3. Let y(s) = 2*d(s) - 5*l(s). Let i be (-92)/(-9) - 6/27. Is y(i) a prime number?
True
Suppose -2*a = -2*r - 4, 4*r + 4*a = 2*a - 14. Let t(l) = 35*l**2 - 3*l - 23. Is t(r) a composite number?
True
Suppose 42*j - 2911551 = -23*j - 28*j. Is j a composite number?
False
Suppose 4*r - 44424 = 4*x, 8*r - 4*r - 44449 = -x. Is r prime?
False
Let u(w) = -w**2 - 1. Let q(i) = 1500*i**3 + 4*i**2 + 5. Let p = -15 + 16. Let x(f) = p*q(f) + 5*u(f). Is x(1) a composite number?
False
Let v = -7617 - -13991. Let d = 83 + v. Is d composite?
True
Let k(b) = 2*b + 21. Let h be k(-9). Let m be 287/(-1*(-4 + h)). Suppose 5*v - 4*v = m. Is v prime?
False
Let s = 184 - 144. Is 1*11577 - (-80)/s composite?
False
Is -1 + 9/(117/506402) a composite number?
False
Suppose 6512352 - 763595 = 29*n. Is n prime?
False
Suppose 2*m - 5*a = -10, -2*m + 4*a - 5*a = -14. Suppose m*j - 2932 = -1137. Is j a composite number?
False
Let t(i) = 1718*i**2 + 2*i - 1. Let h be t(1). Suppose -695 + h = 2*p. Suppose -2*g + 755 = 3*a, 2*g + g = 2*a - p. Is a composite?
True
Let b be (-6)/18 + (-56465)/3. Let x = -10279 - b. Is x a prime number?
True
Let c = -4 + 7. Let i(h) = -113*h - 171. Let x be i(-3). Suppose -4623 = -c*v + x. Is v a composite number?
False
Let s be ((-204)/15)/(24/(-60)). Suppose -1721 = -35*r + s*r. Is r a composite number?
